- 4. What is the units digit of 1*21 + g + 3?
2
Let t = 26 + -6. What is the units digit of t?
0
Let t = 486 - 118. What is the hundreds digit of t?
3
Let t = 1 + -3. What is the tens digit of (0 + 22/t)*-1?
1
Let h be (-50)/(-4)*4 + 0. Suppose 2*u + 3*u - h = -2*o, u = 5*o + 10. What is the tens digit of u?
1
Suppose -4*b = -20, 2*i + 5*b = 3*i + 24. Let c be i*(3*-2)/(-3). Let v(r) = 2*r**2 + r. What is the units digit of v(c)?
0
Let k(d) = 2*d - 4. Let g be k(3). Suppose -2 = -g*u - 0*u. What is the units digit of u + -2 + (-3 - -13)?
9
Suppose -3*b + 47 = 5*t, 10*b = 5*b + 3*t + 135. What is the tens digit of b?
2
Let y = 11 - 10. Let c(k) = 21*k**2 - k + 1. What is the units digit of c(y)?
1
Suppose v = -2*v. Suppose v = -4*z + z - 9. What is the units digit of 10/15 - 10/z?
4
Let c = 36 + -15. Suppose -3*y - 5*b = -c + 4, -b + 13 = 3*y. Suppose -y*m - p = -2*p - 23, p + 2 = m. What is the units digit of m?
7
Let p = 368 + -244. What is the tens digit of p?
2
Let d = 123 + 4. Suppose -3*z + d - 49 = 0. What is the tens digit of z?
2
Let r(w) = w**3 - 4*w**2 - w - 5. Let i be r(7). Suppose -3*v - 2*v + i = 0. What is the tens digit of v?
2
Suppose -2*w - 15 = 3*w. What is the units digit of w*(-2)/12*2?
1
Suppose 5*j - j - 124 = -4*o, -55 = -j + 5*o. What is the units digit of j?
5
Suppose 3*n + 54 = 18. What is the tens digit of ((-128)/n)/(2/6)?
3
Suppose -5*h - 4 = 4*q - 1, 0 = -5*h - q + 3. Let p(c) = 3*c. What is the units digit of p(h)?
3
Suppose 13 = 3*q - 4*x, 0 = 5*q - x + 2*x - 37. Suppose 0 = 2*w - 10, 7*t - 2*w = 4*t - q. What is the units digit of t?
1
Let o = 6 - 8. What is the units digit of 10 + (1 - (0 - o))?
9
Let y = 87 - 45. What is the tens digit of y?
4
Suppose g - 32 = -g. Suppose -h - 8 = -0*v - 2*v, -3*h = 4*v - g. Suppose -2*b + 13 + 1 = h. What is the units digit of b?
7
Suppose -w + 5*w - 4*l - 244 = 0, -3*l = -5*w + 297. What is the units digit of w?
7
Let z be 1/2 + (-75)/(-10). Suppose -4*k = z, -g - 2*k - 4 = k. What is the units digit of g?
2
Let g = -100 - -177. What is the units digit of g?
7
Let j(a) = 25*a**3 + 3*a**2 - a - 1. What is the units digit of j(1)?
6
Let u(v) = -v**2 + 7*v - 6. Let o be u(6). Suppose 1 = -2*j + 5*h + 2, o = 4*j - 2*h + 6. Let y(k) = -k**3 - 2*k**2 - 4*k - 2. What is the units digit of y(j)?
6
Let p = 15 + 6. What is the units digit of p?
1
Suppose s = -0*s. Let d be ((s/(-3))/1)/1. Suppose d*h = -h + 10. What is the tens digit of h?
1
Let t(n) = n**3 + n**2 - n + 18. What is the units digit of t(0)?
8
What is the units digit of 299/9 + ((-2)/9 - 0)?
3
Let b be -2 + 0 - (-2)/2. Let a be 1*(-1)/b*6. Suppose -3*u - 3*d + a = 0, 5*d = d - 12. What is the units digit of u?
5
Let t = 6 + 17. What is the units digit of t?
3
Let d = -32 + 20. Let u = d + 30. What is the tens digit of u?
1
Suppose -o + 2*v = v - 1, -2*v = -3*o + 5. Suppose o*g + 66 = 3*y, -g - 119 = -5*y + g. What is the tens digit of y?
2
Suppose -n = -w - 2*w - 145, 0 = 3*n + 5*w - 505. What is the hundreds digit of n?
1
Suppose 35 = 3*h + 8. Suppose h = 2*s - 7. What is the units digit of s?
8
Let p be 2/(-1 - -3) + 1. Suppose 16 = -p*s + 42. What is the units digit of s?
3
Let m be 1 + ((-10)/1 - 2). Let t = -4 - m. What is the units digit of t?
7
Let h(m) be the first derivative of -3*m**2/2 - 3*m + 1. Let k be 1/7 - (-108)/(-21). What is the tens digit of h(k)?
1
Suppose 0*l - 3 = -l. Suppose l*g = -2*h + 31, 3*h + 1 = -4*g + 42. What is the units digit of g?
1
Let n(a) be the first derivative of a**3/3 + 5*a - 1. Let z be n(0). Suppose -r - 11 = -5*j - z*r, j = r + 4. What is the units digit of j?
3
Let c(r) = -r - 2. Let t(n) = 2*n**3 + 4*n**2 + 2*n - 1. Let w be t(-2). What is the units digit of c(w)?
3
Let b = -19 + 16. What is the tens digit of 21 + (-5)/(5/b)?
2
Suppose -5*b + 3*o + 23 = -6, 0 = 5*o + 15. Let x = b - 1. Suppose y + 24 = x*s + 4*y, 3*y - 30 = -5*s. What is the units digit of s?
3
Suppose -3*z - 3*f - 234 = 0, 4*z + 5*f + 82 = 3*z. Let d(j) = -j**2 + 8*j - 7. Let x be d(-4). Let n = x - z. What is the units digit of n?
2
What is the units digit of (-394)/(-4) - 11/(-22)?
9
Suppose 0*k - k = 5*l + 9, 2*l + 7 = 3*k. What is the tens digit of (l + 3/2)*-46?
2
Let q = -83 - -158. What is the units digit of q?
5
Suppose 2*b = -3*b + 5. Suppose 4*f + 8 + 8 = 0. Let g = b - f. What is the units digit of g?
5
Let s = 17 - 9. Suppose 2*q - s = q. What is the units digit of q?
8
Let h = 19 - 10. Let r be (-9)/5*(4 - h). Suppose -r = b - 4*b. What is the units digit of b?
3
Let m be (-14)/49 + 228/14. Suppose -2*o + 2 = -s + m, -s - 5*o - 7 = 0. What is the units digit of s?
8
Let c be 2*9/6 + -1. Suppose -4*a - 2*l - 2*l = -20, 3*a + c*l - 15 = 0. Suppose -7 = -a*f - 2. What is the units digit of f?
1
Suppose 0 = 5*x - 3*x - 2*n - 130, 5*n = -x + 35. Suppose 5*z + x = 5*r, -3*r + 4*r = 4*z + 21. What is the units digit of r?
9
Suppose 4*b - 8 = -2*y, -2*b + 6 = b - y. Let o(w) = 22*w. What is the tens digit of o(b)?
4
Let t = 16 - 34. Let b = t - -13. What is the units digit of 13 + 3 + b - 0?
1
Let r be 9/18 - (-15)/(-2). What is the tens digit of (-456)/(-28) + 2/r?
1
Let t be 68 - (1 + -1)/(-1). Suppose -j = -q + j + 40, -2*q + j + t = 0. What is the tens digit of q?
3
Let t(f) = -f - 3. Let w be t(-5). Suppose 0 = b - w - 16. What is the units digit of -7*(-1)/(21/b)?
6
Suppose -r = 3*r + 20. Let p(h) = h**3 + 6*h**2 + 5*h. Let b be p(r). Let w = b - -3. What is the units digit of w?
3
Suppose -2*j + 120 = -110. What is the units digit of j?
5
Suppose -5*s + 3*o = -19, s - 3*o = 3*s - 16. Suppose 3*a - 5*y = 29, -s*y + 21 - 56 = -5*a. What is the units digit of 4 + a/(-1) + 6?
7
Let a(y) = -y**3 - 4*y**2 + 1. Let i be a(-4). Let u = 2 - i. What is the units digit of 2*3 + (-3)/u?
3
Let o(i) = i**3 + 4*i**2 - i - 4. Let s be o(-4). Suppose 3*v - 3*z - 30 = 0, 5*v + 2*z - 85 = -s*v. What is the units digit of v?
5
Suppose 0*m + 3*m + 123 = 4*n, 5*m + 84 = 3*n. What is the tens digit of n?
3
Let b(n) = -n**2 - n + 3. What is the units digit of b(0)?
3
Let d(i) = -2*i + 3. Let q be d(3). Let r be (-1*5)/(q + 2). Suppose -4*z = -3*s + 7*s - 24, -z = -r*s + 24. What is the units digit of z?
1
Let t = -62 - -110. Suppose -2*y = y - t. What is the tens digit of y?
1
Suppose -11*b + 110 = -6*b. What is the tens digit of b?
2
Let t(p) = 2*p**2 - 9*p + 33. What is the tens digit of t(6)?
5
Let x(q) = q + q - 1 + 4*q. Let p be x(1). Suppose 2*w = 2*o, -2*o - p*w + 12 = -o. What is the units digit of o?
2
Suppose 0 = 3*v - 2 - 4. Suppose v*c - 4*p = 3*c - 23, 3*c = -2*p + 39. What is the units digit of c?
1
Let g(w) = w**3 + 16*w**2 + 13*w + 15. What is the units digit of g(-15)?
5
Suppose -3*m + 5 = -2*m - 2*b, -4*m = 4*b - 80. Suppose -m = -3*w + 21. What is the tens digit of w?
1
Suppose 0 = s + 2*s - 162. What is the tens digit of s?
5
What is the tens digit of 22 + (0/(-4))/(-4)?
2
Let i = 23 - 16. Suppose -83 = -2*k + i*o - 2*o, 3*o - 101 = -4*k. What is the units digit of k?
9
Suppose -4*x - 57 = -2*p + 5, 3*p + 5*x = 38. What is the units digit of p?
1
Suppose -3*k + 4*k = -3*s - 29, -5*k - 25 = 0. Let i = 8 + s. Suppose 3*y + x = 16, i*x + 8 = y + x. What is the units digit of y?
4
Let q = 9 + -4. Suppose 0 = o - q*o + 64. What is the tens digit of o?
1
Suppose 6*b - b - 4*i + 46 = 0, -4*b = i + 20. Let t = b - 0. Let q(y) = y**3 + 7*y**2 + 5*y - 2. What is the units digit of q(t)?
4
Let j(h) = h**2 + 10*h - 2. What is the tens digit of j(-13)?
3
Let x be -2*(-2 + 1)*-1. Let g be 36/(2 - 0) - x. What is the units digit of ((-21)/(-2))/(15/g)?
4
Let a(d) = 6*d + 3. What is the units digit of a(3)?
1
Let p(f) = 45*f + 44. What is the tens digit of p(5)?
6
Let u = 63 + -15. What is the tens digit of u?
4
Let o(b) = 7 + 2 - b + 4. Suppose -3*g + 40 = 2*g. What is the units digit of o(g)?
5
Let n be ((-4)/4)/((-1)/3). Suppose n*l = 5*l - 10. What is the units digit of l?
5
Suppose 0 = -u + 2*u - 23. What is the tens digit of u - (-3)/(12/(-4))?
2
Let m be 2/(4/30) - -1. Let b = -7 + m. What is the units digit of b?
9
Let t = -8 + 14. Let j = t - 2. What is the units digit of j?
4
Let z be (2*-1)/(2/(-3)). Let f be 5/2 - (-2)/4. Suppose 0*g + f*k + 5 = -g, g = -k + z. What is the units digit of g?
7
Su